of z and 756.
28
Suppose 37*r - r = 972. Calculate the greatest common factor of 324 and r.
27
Let z(k) = -15*k - 87. Let l be z(-6). Calculate the greatest common factor of 141 and l.
3
Let x(i) = 2*i**3 - 4*i**2 + 6*i - 10. Suppose 8 = l - t, 0 = 4*l - t - 7 - 10. Let a be x(l). Calculate the highest common divisor of 91 and a.
13
Suppose 0 = -4*g + 5*q - q - 824, 10 = -5*q. Let h = g - -299. Calculate the greatest common factor of 26 and h.
13
Let l be (-8*(-8)/10)/(1/10). Calculate the greatest common factor of l and 12.
4
Suppose -5*q = -4*b - 11, -2*q - 28 = -0*b + 2*b. Let u be (-240)/b - (-10)/(-15). Calculate the greatest common divisor of 39 and u.
13
Suppose -r + 2*d + 0*d = -74, -4*d = 3*r - 272. Suppose -5*u = o - 2*o + 22, 16 = 2*o + 4*u. Calculate the highest common divisor of o and r.
12
Suppose -5*u - 34 = 4*w, 0*w + 2 = u + 3*w. Let b be (-300)/(-18)*(-72)/u. What is the highest common factor of b and 15?
15
Suppose 0 = 3*p - 8 + 5. Let l(k) = -11*k - 37. Let r be l(-4). Calculate the greatest common factor of r and p.
1
Let c = -242 + 333. Calculate the highest common factor of c and 7.
7
Let j(o) = -o**2 + 16*o + 38. Let b be j(18). Suppose 2*w - 3*w + 4*s = -29, 0 = -2*s - b. Calculate the greatest common divisor of 50 and w.
25
Let a = 270 - -978. What is the greatest common factor of 96 and a?
96
Let l = 94 - 75. What is the greatest common divisor of l and 171?
19
Let f = -6 - -30. Let o = -15 + 23. Let j be o/(-20) - (-84)/10. Calculate the greatest common factor of j and f.
8
Let b(v) = -3*v - 13. Let h be b(-9). Suppose 0 = h*l - 53 - 73. What is the highest common divisor of l and 36?
9
Suppose 2*p + 3*f + 2*f - 7 = 0, 4*f = -3*p + 14. Let i = p + -2. Let v be (i - -8)/(9/132). Calculate the greatest common factor of 22 and v.
22
Let d = -23 + 49. Suppose -2*j + 6 = -d. What is the greatest common divisor of 8 and j?
8
Let y = 138 - 129. Let v be 75*(-1 + 33/y). What is the greatest common factor of 25 and v?
25
Let x(z) = -2*z - 39. Let k be x(-21). Suppose -5*t = -3*p + 61, -4*p + k*p + 3*t = -15. What is the highest common divisor of p and 3?
3
Suppose 1 = 2*k - t, 4*t + 5 = -2*k - t. Suppose k = -2*f + 4*f - 96. Suppose -4*n + f = -n. What is the greatest common factor of n and 24?
8
Let v = 78 - 75. Suppose 10*q - 385 = v*q. What is the highest common factor of 5 and q?
5
Let u = 326 + -206. Suppose 4*l = -20, -s - 5*l + 0*l - 25 = 0. Let m be (-40)/(-1) + s/(-7). What is the highest common divisor of u and m?
40
Let y(t) = -4*t**3 + t. Let g be y(-1). Let q(a) be the first derivative of a**2/2 + 4*a - 11. Let d be q(-3). Calculate the greatest common factor of g and d.
1
Let u = 1961 - 1910. What is the highest common divisor of u and 459?
51
Suppose -4*k = -k - 2*k. Suppose a + 4*o + 6 = k, -2*a - 30 = -7*a - 5*o. Calculate the greatest common factor of a and 30.
10
Let n(w) be the second derivative of 19*w**3/6 + 51*w**2/2 - 31*w. Let u be n(11). What is the highest common divisor of 104 and u?
52
Let z be (2*1/(-2))/(-1). Calculate the highest common factor of z and 37.
1
Suppose 0 = 5*q + 2851 - 7696. Calculate the greatest common factor of 51 and q.
51
Suppose -637 = -3*g + 5*b, 0 = 5*g - 4*b - 551 - 515. Suppose -4*t + 314 = -g. Calculate the highest common factor of 44 and t.
44
Let i be (-217 + 10)*2*(-5)/30. What is the greatest common divisor of i and 6?
3
Let g = 27 + -60. Let l = 36 + g. What is the highest common divisor of l and 15?
3
Suppose -3*a + 101 = 2*t - 101, -72 = -a - 3*t. Let p be (a/5)/(((-2)/5)/(-1)). What is the greatest common factor of 55 and p?
11
Let c be 1/(-6) + (-1064)/(-48). Let y = c - 19. Let v be y + -3 + 12 + -2. What is the highest common divisor of 10 and v?
10
Let o = -905 - -1513. What is the highest common divisor of o and 19?
19
Let l = 80 - 64. Let k be (-52)/(-65)*(60 + 2 - 2). What is the highest common divisor of k and l?
16
Let g be 2 - (-14)/3*(-2208)/(-32). Calculate the highest common divisor of 12 and g.
12
Let o(g) = 52*g**2 + 3*g + 3. Let c be o(-1). Calculate the greatest common factor of c and 117.
13
Let v = -274 + 404. Let a = -118 + v. What is the highest common factor of 42 and a?
6
Let n(m) = -2*m + 3. Let a be n(-5). Suppose -t = -5*f - 302, t - 3*f - 196 = 110. Suppose -8*c - t = -11*c. What is the greatest common factor of c and a?
13
Suppose -3*p - p + 5 = 5*t, 0 = -t - 3*p - 10. Suppose 0 = t*a - 81 - 44. Let v = -14 - -214. What is the greatest common factor of a and v?
25
Suppose 60 = u + 49. What is the greatest common factor of 176 and u?
11
Let j = -510 + 438. Suppose 2*d - 145 = 65. Let n = d + j. Calculate the highest common divisor of 3 and n.
3
Let c(r) = 7*r + 14. Let w be c(-21). Let z = 231 + w. Let f(o) = -o**3 + 7*o**2 - 8*o + 4. Let b be f(5). What is the highest common divisor of b and z?
14
Let b be (-1)/(((-3)/9)/1). Let i be 60/(-25)*(-10)/b. Calculate the greatest common factor of i and 72.
8
Let z(w) = 58*w + 326. Let r be z(-5). Calculate the greatest common divisor of 996 and r.
12
Let x = 574 + -562. Let h(z) = -3*z - 3. Let f be h(-7). What is the greatest common divisor of f and x?
6
Suppose -26 - 54 = -5*y. Suppose 0 = -d + y. Suppose 0*c - 160 = -5*c. Calculate the greatest common factor of d and c.
16
Suppose -96 = -11*z - z. What is the greatest common factor of 44 and z?
4
Suppose 0 = 8*b - b. Let p be (-3 - (-4 - b))*14. What is the highest common factor of p and 112?
14
Suppose -2926 = -17*g + 2888. Calculate the greatest common divisor of 54 and g.
18
Suppose m = 4*m - 120. Let c be (200/14)/(29/203). What is the greatest common divisor of c and m?
20
Let t be (-40)/(-18) - (-4)/(-18). Let i be -3 - ((-3)/2*t + -3). Suppose -b + 16 = z - 13, -86 = -2*b + 5*z. What is the greatest common divisor of i and b?
3
Let d = -20 + 80. Suppose 0 = 2*m + 16 - d. Calculate the greatest common factor of 2 and m.
2
Let h be 2*5/20*0. Suppose h = -28*i + 24*i + 80. Let p(m) = -m**3 - 6*m**2 - 2*m + 8. Let a be p(-6). What is the highest common divisor of a and i?
20
Let d(x) = 30*x**2 - x - 1. Let b(y) = y**2 - 4*y + 2. Let q be b(3). Let g be d(q). Calculate the highest common divisor of g and 75.
15
Let c(q) = 2*q**2 + 54*q - 97. Let i be c(-30). Calculate the greatest common factor of 664 and i.
83
Let c(n) = n**2 + 7*n - 6. Let y be c(-8). Let r(f) = 4*f + 2. Let i be r(y). Let w = 22 - i. What is the greatest common factor of 84 and w?
12
Let w(x) = -x**2 - 7*x. Let r be w(-6). Suppose -4*t - 2*y = 8, r*t - 3*t - 16 = 4*y. Suppose -3*g + 3 = -t. What is the highest common factor of 3 and g?
1
Suppose 9*y = 341 - 296. What is the highest common divisor of y and 5?
5
Let c(l) = l**2 - 6*l - 146. Let d be c(26). Calculate the highest common factor of 44 and d.
22
Let c(p) be the second derivative of p**4/6 - p**3/2 - 3*p**2/2 + p. Let i be c(3). Let o = -197 - -215. Calculate the greatest common divisor of i and o.
6
Let p be (-2)/(-5) - (-40)/25. Suppose -w - 2*r = -6, 3*w + p*r - r - 28 = 0. Suppose 2*k = w - 0. Calculate the greatest common divisor of k and 5.
5
Suppose 2*a - a - 1 = 0. Let m be -5 - a/(2/(-42)). What is the greatest common factor of m and 4?
4
Let n = -1154 + 1175. What is the highest common factor of 35 and n?
7
Let t(m) = -7*m - 2. Let v be t(-3). Suppose 10 = 6*c - c, c + 128 = -5*h. Let y = v - h. Calculate the greatest common factor of y and 18.
9
Suppose -118*b + 114*b = -2*j - 2290, -5*j + 2900 = 5*b. Calculate the greatest common divisor of 25 and b.
25
Suppose 0 = -n + 179 + 157. Let i = n - 174. Calculate the highest common factor of 36 and i.
18
Suppose 0*u + 2*u - 264 = 0. Let o = 28 + 44. Let h be ((-2)/(-6))/(2/o). What is the greatest common divisor of u and h?
12
Let z(t) = -30*t + 120. Let w be z(3). Let q be (-1)/5 + 153/15. Calculate the highest common factor of q and w.
10
Suppose -10 = -5*x + 10. Suppose 0 = 4*o + 5*j - 127, 5*j + 172 = x*o + j. Let t be o + 0 + (-2 - 0). What is the greatest common factor of 9 and t?
9
Let q(n) = n**2 + 13*n + 27. Let s be q(-11). Suppose 0 = -b - 2*t + 120, -s*t - 334 = -3*b + 26. Calculate the highest common factor of b and 15.
15
Let q = 93 + -54. Suppose 0 = o + 5*a - q, o - 2*o + 4*a + 12 = 0. What is the highest common divisor of 2 and 